se 14, what is -3 - -40?
3b
In base 16, what is -2 + -1c?
-1e
In base 5, what is -4 - -131?
122
In base 16, what is -e - -c?
-2
In base 6, what is 113 + 0?
113
In base 15, what is -c - 62?
-6e
In base 7, what is 1251 - -3?
1254
In base 3, what is -12 - -12121?
12102
In base 12, what is -994 + -1?
-995
In base 13, what is 5c - -2?
61
In base 12, what is -11b - -a?
-111
In base 12, what is -2 + -647?
-649
In base 15, what is -c8a9 - 5?
-c8ae
In base 13, what is -55 - b?
-63
In base 5, what is -111 - 30?
-141
In base 3, what is 121 - -101020?
101211
In base 3, what is 12000020 + 0?
12000020
In base 2, what is 11010 - 110010?
-11000
In base 11, what is 1698 - 5?
1693
In base 7, what is -4 - 153?
-160
In base 13, what is -3 + -1044?
-1047
In base 8, what is 275 - 0?
275
In base 14, what is -2 - 1c?
-20
In base 13, what is 5 + aa?
b2
In base 7, what is 25 + 41?
66
In base 8, what is -11 + -525?
-536
In base 6, what is -1021 + -112?
-1133
In base 10, what is -4 + 1469?
1465
In base 15, what is 6eb - 4?
6e7
In base 3, what is -12 - 2120?
-2202
In base 3, what is -21012 - -1?
-21011
In base 6, what is 3 - -245?
252
In base 16, what is -9 - 8c?
-95
In base 16, what is -14 + -6f?
-83
In base 11, what is -31 + -9?
-3a
In base 3, what is 11 - -2202220?
2210001
In base 10, what is 115 - 6?
109
In base 14, what is -2aa - 5?
-2b1
In base 7, what is -21045 - -2?
-21043
In base 6, what is -15052 + 2?
-15050
In base 9, what is 3 - -1242?
1245
In base 13, what is -192 + 4?
-18b
In base 9, what is -30 - 24?
-54
In base 8, what is 3 - 4272?
-4267
In base 4, what is 1122132 + 0?
1122132
In base 15, what is -712 - -14?
-6ed
In base 7, what is -2 + -646?
-651
In base 10, what is -241 + 2?
-239
In base 8, what is -4 - 470?
-474
In base 2, what is -1000 + 100?
-100
In base 12, what is 2 + -25?
-23
In base 16, what is -d + 18?
b
In base 12, what is 23 - 5?
1a
In base 10, what is -331 - 9?
-340
In base 14, what is -979 - -4?
-975
In base 6, what is 154 + -225?
-31
In base 14, what is 52 - 15?
3b
In base 8, what is 2 - 176?
-174
In base 4, what is 21300 + -10?
21230
In base 2, what is 101 + -10001?
-1100
In base 7, what is -116 - -3?
-113
In base 4, what is 131 + -11?
120
In base 11, what is 0 - -660?
660
In base 3, what is -22 - -11?
-11
In base 3, what is 12 - 10?
2
In base 10, what is -2779 + -4?
-2783
In base 9, what is 14 - 20?
-5
In base 8, what is -3 + -1531?
-1534
In base 5, what is 31 + -240?
-204
In base 7, what is 2 - -135?
140
In base 10, what is 60 + -21?
39
In base 11, what is 1082 - 5?
1078
In base 2, what is -11 - 1001?
-1100
In base 13, what is -172 + 2?
-170
In base 11, what is 1 - -7a?
80
In base 8, what is -1617 - 2?
-1621
In base 2, what is 1101 - 11001?
-1100
In base 2, what is -111100 - -100000?
-11100
In base 2, what is 101 + -101000?
-100011
In base 12, what is -9a - 3?
-a1
In base 13, what is 189 + -25?
164
In base 6, what is -2 - -115?
113
In base 14, what is -1 - 5?
-6
In base 10, what is -196 - -10?
-186
In base 3, what is -20110 + -2?
-20112
In base 3, what is -10 - 2111?
-2121
In base 4, what is -11 - -21302?
21231
In base 6, what is 0 - -534?
534
In base 3, what is 1 - 101222?
-101221
In base 13, what is -20c + 1?
-20b
In base 11, what is -172 + -8?
-17a
In base 12, what is 56 - -5?
5b
In base 6, what is 10034 + -4?
10030
In base 9, what is 67 - 27?
40
In base 9, what is -80 - 3?
-83
In base 7, what is 6 - 145?
-136
In base 5, what is -1212 + -3?
-1220
In base 3, what is 101 + -10?
21
In base 12, what is -5 + -317?
-320
In base 5, what is -1000 - 3?
-1003
In base 11, what is -31 - -9?
-23
In base 14, what is 4 - -20d?
213
In base 4, what is 211 + -2120?
-1303
In base 15, what is -12e - a?
-139
In base 10, what is -29 + 213?
184
In base 12, what is 4 - -a6?
aa
In base 15, what is -28 - 2?
-2a
In base 7, what is 23 + 34?
60
In base 8, what is 347 + 54?
423
In base 10, what is -1763 - 0?
-1763
In base 14, what is 174 + -8?
16a
In base 4, what is 1 - -122?
123
In base 3, what is 201101 + -1?
201100
In base 16, what is -e1 + -9?
-ea
In base 15, what is 3 - a5b?
-a58
In base 11, what is a - 81?
-72
In base 13, what is 3 - -56?
59
In base 12, what is -101b + -2?
-1021
In base 11, what is -60 - -17?
-44
In base 16, what is -5 - -e2?
dd
In base 2, what is 100101 - -111000110?
111101011
In base 15, what is -5a69 - 4?
-5a6d
In base 2, what is -100 + 101000?
100100
In base 5, what is 403 + -2?
401
In base 7, what is 3 - -466?
502
In base 9, what is -262 + -3?
-265
In base 2, what is 1001001111010 + 10?
1001001111100
In base 12, what is 336 + -3?
333
In base 7, what is 11 + -56?
-45
In base 4, what is 302 + 11?
313
In base 4, what is 122322 - 3?
122313
In base 11, what is 3 + 1008?
1010
In base 3, what is -200 - 212?
-1112
In base 12, what is 31 + -19?
14
In base 6, what is 3 - 10121?
-10114
In base 5, what is -120 + -21?
-141
In base 7, what is 2 - 356?
-354
In base 16, what is -509 + -2?
-50b
In base 8, what is -7 + -3127?
-3136
In base 7, what is -125 + -143?
-301
In base 5, what is -12 + -13413?
-13430
In base 14, what is -3b + 14a?
10d
In base 11, what is 35a + -36?
324
In base 15, what is 90 + c?
9c
In base 13, what is 4 - -876?
87a
In base 4, what is 1 + 121?
122
In base 4, what is -11312320 - 3?
-11312323
In base 5, what is 24 + 30?
104
In base 12, what is -165 - 5?
-16a
In base 3, what is 2 + -101222?
-101220
In base 5, what is -310131 + 2?
-310124
In base 16, what is 8 - a7?
-9f
In base 11, what is 25 + -4?
21
In base 8, what is -4720 - -5?
-4713
In base 12, what is 1b - -2a4?
303
In base 11, what is 1 + -66?
-65
In base 10, what is 8954 + 0?
8954
In base 11, what is 23 - -33?
56
In base 5, what is 1 - -13214?
13220
In base 5, what is -4340 + -23?
-4413
In base 14, what is -123 + -8?
-12b
In base 9, what is 16 + 370?
386
In base 15, what is 4 - -9a?
9e
In base 3, what is 2 + -11111?
-11102
In base 8, what is 17006 + -2?
17004
In base 12, what is 12 - 25?
-13
In base 10, what is 16 + 96?
112
In base 12, what is b4 - 2?
b2
In base 4, what is -100 - -2311?
2211
In base 15, what is 0 - -1d?
1d
In base 4, what is 2010 - 2?
2002
In base 13, what is 5 + 1623?
1628
In base 6, what is -4 - 42413?
-42421
In base 15, what is -157a + -4?
-157e
In base 10, what is 495 + -4?
491
In base 7, what is 2 + -42?
-40
In base 13, what is -3a - 5?
-42
In base 7, what is -4 - 2161?
-2165
In base 14, what is 5 + 1bd?
1c4
In base 2, what is 110 + 1000101?
1001011
In base 16, what is 10 + 9?
19
In base 7, what is 6242 + 3?
6245
In base 2, what is 1 - -11000111?
11001000
In base 2, what is -11010010111 + 1?
-11010010110
In base 14, what is 2 + 447?
449
In base 16, what is -a + -7e?
-88
In base 12, what is -6 + -15?
-1b
In base 9, what is 2 + 6?
8
In base 8, what is -2 - -120?
116
In base 15, what is 0 + -d7e?
-d7e
In base 5, what is 403 + -2?
401
In base 11, what is 615 - -5?
61a
In base 13, what is -5 + 32?
2a
In base 4, what is 1333 - 10?
1323
In base 11, what is -44 + 6?
-39
In base 6, what is -11 + 1100?
1045
In base 8, what is 61430 - -4?
61434
In base 14, what is -3a + -15?
-51
In base 4, what is -3 - 3302?
-3311
In base 11, what is 34 + 3?
37
In base 10, what is 0 + 63?
63
In base 10, what is -786 + 7?
-779
In base 4, what is -21123 + -120?
-21303
In base 9, what is 1 + 47?
48
In base 2, what is 10 + 11110?
100000
In base 11, what is -767 + 5?
-762
In base 6, what is -13 - 200?
-213
In base 5, what is -123 + 3?
-120
In base 12, what is 4 + -a9?
-a5
In base 14, what is 5 + 33?
38
In base 4, what is -12 + -110?
-122
In base 4, what is 1220 + 10001?
11221
In base 16, what is 36 + -4d?
-17
In base 5, what is 30 - 2?
23
In base 6, what is 0 + -200?
-200
In base 13, what is 50c + 4?
513
In base 10, what is 1 + -71?
-70
In base 9, what is -1 + 25?
24
In base 12, what is -b - -8?
-3
In base 10, what is 44 - -3?
47
In base 3, what is -121 - -101111?
100220
In base 7, what is 2 + 26?
31
In base 9, what is 1 + -283?
-282
In base 11, what is -a3 + -4?
-a7
In base 15, what is -16 - -16?
0
In base 14, what is 7138 - 2?
7136
In base 4, what is 1 + -13021?
-13020
In base 7, what is 44 - -3?
50
In base 11, what is 5 + 6?
10
In base 10, what is -5 + -244?
-249
In base 8, what is -35 + 2?
-33
In base 4, what is 233 - 2021?
-1122
In base 16, what is -8f - 12?
-a1
In base 13, what